ve of 3*n**2/2 - 8*n - 43. Give k(6).
10
Suppose 0 = 5*j + 2*m - 18, -3*m + 10 = 3*j - m. Let d be ((-4)/(-8))/((-2)/(-12)). Suppose d*r + 5 = -j. Let w(g) = g**2 + 2*g - 3. Determine w(r).
0
Suppose -4*x = -v - 12, 6 = 3*x - 3. Suppose m + 4*z + 18 = v, -2*z = m - 4*z. Let y(s) = 2*s. Calculate y(m).
-12
Let v(d) = -2*d**2 + 4*d + 5. Let n(a) = -a**3 - 11*a**2 + 12*a + 4. Let h = 6 + -18. Let x be n(h). Determine v(x).
-11
Suppose -3*u - 3 = 15. Let m(o) = o**3 + 5*o**2 - 9*o - 9. Calculate m(u).
9
Let n(k) = 9*k + 5. Let s(q) = -10*q + 36. Let o be s(4). Give n(o).
-31
Let r = -13 - -20. Let a(t) = r*t + 1 + 0*t + 0*t. Suppose 5*u - 4*u = 1. Give a(u).
8
Let s(n) be the second derivative of -n**2 + 2*n - 1/6*n**3 + 0. What is s(5)?
-7
Suppose 7*g = 2*g. Let j(i) = -i + 2 - 1 - 5 + 0. Give j(g).
-4
Suppose -4*f = -0*i + 2*i + 4, -4*f + 4*i = -20. Let g(z) = -f + 0*z + 0*z**2 - z - 2*z**3 + z**2. Determine g(-1).
3
Let h(d) = d. Let v(c) = -6*c - 3. Let f be v(-2). Let n(l) be the third derivative of -l**4/24 + l**3 - 6*l**2. Let w be n(f). Give h(w).
-3
Let d(s) = -s**2 - 3*s + 1. Let u(l) be the third derivative of -l**5/20 - l**4/3 + l**3/3 - 4*l**2. Let m(c) = 11*d(c) - 4*u(c). Determine m(3).
9
Let s(z) = z**3 - 5*z**2 + 5*z + 1. Let g = 8 - 14. Let f = -2 - g. Determine s(f).
5
Let g(v) = 2*v**2 + 3*v - 3. Let j(c) = 2*c**2 + 2*c - 1. Let d be j(-2). Let q be (-6)/(-4) + 5/10. Suppose -3 = -3*w - d*s, -2*s + q = -6. What is g(w)?
6
Let t(g) be the second derivative of g**5/20 - g**4/4 + g**3/2 + 2*g**2 - 17*g. Suppose -3*s - o + 5 = 0, s - o - 7 = -0*o. Determine t(s).
13
Let c(v) be the third derivative of -v**4/24 + 5*v**3/6 + 26*v**2. Determine c(6).
-1
Let d(z) = 2*z. Let n = -14 - -16. Suppose -3*v = 5*u + 3, 0 = 2*u - 0*v - n*v + 14. Give d(u).
-6
Let t(j) = -j**2 - 6*j - 4. Suppose -i = -5*i + 3*s - 12, -38 = 5*i + 2*s. Determine t(i).
-4
Suppose -5*x - 3*n + 3 = 0, -5*x + 3*x = n - 2. Let h(l) be the third derivative of -l**4/24 - l**3/6 - 2*l**2 + 61. Give h(x).
-4
Let f(i) = -2*i**2 - 2*i. Suppose 4*t = 4*v - 32, -2*t + v = -0*v + 11. Let u be -2 + t + 3/1. Calculate f(u).
-4
Let p(o) = o - 4. Let q be p(4). Suppose -i + 5*w + 0*w + 7 = q, -10 = 5*w. Let n(k) = -2*k - 3. What is n(i)?
3
Let u(k) = 3*k**2 - 3*k. Suppose 6 = -l - 0*l. Let i = -4 - l. Calculate u(i).
6
Let g(m) be the second derivative of m**5/60 - 7*m**4/24 + 7*m**3/6 + m**2 - 7*m. Let n(s) be the first derivative of g(s). Give n(5).
-3
Let g(y) = -3. Let u(k) = 2*k + 4. Let n(v) = 3*g(v) + 3*u(v). Let q(i) = -11*i - 5. Let t(p) = 7*n(p) + 4*q(p). Suppose -2*r - 1 = -3*r. What is t(r)?
-1
Suppose 0 = -33*y + 35*y + 14. Let i(k) = k**2 + 8*k + 10. What is i(y)?
3
Let o = -3 + 3. Suppose -x - 8 = -2*y - o*x, 14 = -y - 4*x. Let f(h) = h. Calculate f(y).
2
Let r(i) = -2*i - 6. Let s(p) = p**2 - 7*p - 8. Let o be s(6). Let z = o + 10. Give r(z).
2
Suppose -29 + 9 = 4*g, 2*t - g - 11 = 0. Let j(m) = m**2 - 3*m - 2. Calculate j(t).
-2
Let o(i) = -4 - 4 + 3 + 4. Let m(u) = u - 3. Let v(l) = -3*m(l) + 5*o(l). Suppose 0 = -d - d + 3*j + 15, j - 3 = -2*d. Calculate v(d).
-5
Let b(q) = q**3 + 12*q**2 + 11*q - 5. Let m be b(-11). Let w(r) = -5*r + 1. What is w(m)?
26
Let c(j) = j**2 + 3*j + 1. Let o = -10 + -7. Let b = o + 15. Calculate c(b).
-1
Let f = -1799/12 + 150. Let r(v) be the second derivative of 5/6*v**3 + 2*v**2 + 0 + v + f*v**4. Determine r(-3).
-2
Let w(a) = -7*a - 2. Let g(i) = i + 1. Let t(v) = 6*g(v) + w(v). Calculate t(4).
0
Let x = -2 + 1. Let w = 3 + x. Let v(n) = n**2 - 3*n**w - n**3 + 0*n**2 - 4. Give v(-3).
5
Suppose 136 = 4*t - 38*t. Let q be 1/(2/1)*4. Let f(n) = 2*n + 5 + 4*n**q + 0 + n**3 - 4. Calculate f(t).
-7
Let k(u) = u**2 + 3*u - 7. Let f = 70 - 75. Give k(f).
3
Let y(m) = -9*m**2 + 5*m. Let u(w) = -9*w**2 + 6*w. Let d(b) = 4*u(b) - 5*y(b). Give d(1).
8
Let b(s) = -3*s**2 + 4*s + 10. Let c(j) = -2*j**2 + 3*j + 4. Let k be c(3). Let w(r) = 2*r**2 - 3*r - 7. Let x(f) = k*b(f) - 7*w(f). Calculate x(2).
5
Let z(y) = y**2 + 4*y + 3. Suppose 4 + 14 = -6*f. Give z(f).
0
Let q(m) = m**3 + 7*m**2 + 7*m + 2. Let k = -25 - -19. What is q(k)?
-4
Let h(y) = y**3 - 2*y**2 - 3*y + 4. Let s = -10 - -15. Suppose 4*k + 8 = 0, -s*j + 59 = -3*k - 27. Suppose -j = -4*w, 3*u - 13 = -4*w + 3*w. Calculate h(u).
4
Let g(u) = u**2 - 3*u + 3. Let h be (-1 + 2)*(3 - 2). Suppose h - 3 = -l. Calculate g(l).
1
Let u = -9 + 2. Let i(d) = -d**3 - 6*d**2 + 7*d - 3. Calculate i(u).
-3
Suppose 4*w = 2*w. Let b(g) = w - 3*g**3 + 2*g + 1 + 0*g**3 + 5*g**2 + 4*g**3. Give b(-5).
-9
Suppose 3*y - 7 = 8. Let h be 2 - (-2 + 6 + -7). Suppose -h*z = y*u - 5, 2*z + u = -1 + 4. Let n(f) = -2*f**3 + 3*f**2 - f - 1. What is n(z)?
-7
Suppose 5*u - 51 = -16. Let k(i) = -i**3 + 8*i**2 - 5*i - 4. What is k(u)?
10
Let j(r) be the third derivative of -r**5/60 - r**4/24 - 2*r**2. Let i(z) = z + 2. Let c be i(0). Suppose -w + 3*m = 4*w - 9, -4*w = c*m + 6. Determine j(w).
0
Suppose s - 17 = 5*v, 4*v - 2*v = -6. Let o(x) = 0*x + 0*x - s*x. Give o(-3).
6
Let j = 11 + -7. Suppose 0 = j*g - 2*g - 4. Let k(w) = -w**2 + w. What is k(g)?
-2
Let q(x) = -x**2 + 2*x - 2. Let b(c) = 2*c**2 - 5*c + 3. Let i(v) = -2*b(v) - 5*q(v). Give i(0).
4
Let y be 2/3 - 200/(-24). Let a(g) = -g**2 + 10*g + 6. Determine a(y).
15
Suppose j = 1 - 3. Let v(a) = -3*a**2 - 2*a - 1. Determine v(j).
-9
Let r(w) = 3*w - 3. Let o(g) = g - 2. Let p(h) = -9*o(h) + 4*r(h). Calculate p(-6).
-12
Suppose -17*u - 16 = -19*u. Let f(j) = j**2 - 7*j + 1. Determine f(u).
9
Let s(r) be the first derivative of 4*r**2 - 3. Determine s(1).
8
Let v(b) = -b**3 + b**2. Let j(x) = -5*x**3 + 11*x**2 + 5. Let w(u) = -j(u) + 6*v(u). Determine w(-5).
-5
Let y(d) be the first derivative of 8 + 11/2*d**2 - d. Calculate y(1).
10
Let s(p) be the third derivative of 3*p**2 + 1/120*p**6 + 0*p + 0*p**3 - 1/30*p**5 + 1/24*p**4 + 0. Calculate s(1).
0
Let n(l) = l**2 + 3*l**3 - 3*l**2 + 1 + 0 + 0. Determine n(-1).
-4
Suppose -13 - 7 = -4*y, 0 = 4*u - 3*y + 63. Let p be (-12)/72 + 10/u. Let d(k) = -2*k**2 + k. Determine d(p).
-3
Let j be 20/(-4)*4/10. Let b(l) = -l**2 - 5*l - 6. Let k be b(-3). Let u(q) = -3*q + 6*q - q**3 + k*q**2 + 2*q**2. What is u(j)?
10
Suppose -3*f + 2*f + 5 = 0. Let v(g) = -g**3 + 5*g**2 + g + 2. Give v(f).
7
Let y(z) = 4*z + 6. Let i be y(-4). Let q be 0*(i/6)/(-5). Let s(w) = -2*w - 5*w**2 + q*w**3 - w + w**3 + 7*w. Calculate s(4).
0
Suppose 3*p + 14 = -5*w, 2*w = p - 7 - 3. Let g(n) = n**p - n - 3*n + 3*n - 3*n - 4. Give g(4).
-4
Let g = -14 + 19. Let k(h) = -3*h**3 - 10*h**2 + 2*h - 8. Let x(j) = -5*j**3 - 19*j**2 + 5*j - 15. Let n(v) = -7*k(v) + 4*x(v). What is n(g)?
1
Let l(k) = 3*k**2 - 18*k + 13. Let o(q) = -2*q**2 + 12*q - 9. Let p(w) = -5*l(w) - 7*o(w). Calculate p(4).
6
Let y(p) = -p**2 + 9*p - 7. Suppose 20 = -2*u + 7*u. Suppose -61 = -u*q + 5*m - 17, 3*q = -4*m + 2. Give y(q).
11
Let b(t) = 14*t. Let z be 1/(0 + 5/5). What is b(z)?
14
Let c(r) = 2*r**2 + 2*r - 1. Let l be c(1). Suppose v + 13 = -5*j, -j + l = v + 2*v. Let x(n) = 2*n**3 - 3*n**2 + 2. What is x(v)?
6
Suppose 0 = 2*n + 3 + 9. Let p(t) = -2*t**2 + 7*t**2 - 7*t - 2*t**3 - 57 + 49 + 3*t**3. Give p(n).
-2
Suppose -n + 1 = 8. Let q(l) = -l - 5. What is q(n)?
2
Let p(f) = -f**3 + 5*f**2 - 2*f - 1. Let a(i) = -i**2 + i. Let v(o) = -3*a(o) - p(o). Determine v(3).
7
Let v(f) be the first derivative of -f**4/4 + 7*f**3/3 - f**2 - 5*f + 5. What is v(6)?
19
Let x(l) be the second derivative of l**5/20 + l**4/4 + l**3/6 - l**2 + 9*l. Calculate x(-3).
-5
Let c(i) be the first derivative of -4*i**4 + 46*i**3/3 - 8*i**2 + 15*i + 4. Let r(a) = 3*a**3 - 9*a**2 + 3*a - 3. Let u(o) = -2*c(o) - 11*r(o). Calculate u(7).
-4
Let q(o) = -8 + 8 - 7*o**2. Let y be q(1). Let v(l) = l**3 + 6*l**2 - 6*l + 3. Let z be v(y). Let w(p) = -p**3 - 4*p**2 + 2*p. Give w(z).
-8
Let c be 1/(2*2/(-24)). Let s(x) = x**2 + 8*x + 3. What is s(c)?
-9
Let g(n) = -n - 1. Let h be g(-1). Let x(k) = 0*k + 5*k - 2*k - 2*k + 1. Give x(h).
1
Let j = -2 - -1. Let c = 2 - -1. Let m(d) = 3*d**2 + c*d - 6*d + 2*d. Give m(j).
4
Suppose 0 = 15*i - 11*i + 32. Let w(z) = -z**3 - 8*z**2 - z - 10. Give w(i).
-2
Suppose -20 = 7*j + 8. Let v(m) = -m**3 - 4*m**2 - m + 1. Give v(j).
5
Let w = 0 + -1. Let d(k) = k - 2. Let b(u) 